{"id":1695,"date":"2024-12-10T21:12:50","date_gmt":"2024-12-10T20:12:50","guid":{"rendered":"https:\/\/hygiethik.fr\/?page_id=1695"},"modified":"2026-09-03T16:39:31","modified_gmt":"2026-09-03T14:39:31","slug":"nos-prestations","status":"publish","type":"page","link":"https:\/\/hygiethik.fr\/index.php\/nos-prestations\/","title":{"rendered":"Nos Prestations"},"content":{"rendered":"\t\t<div data-elementor-type=\"wp-page\" data-elementor-id=\"1695\" class=\"elementor elementor-1695\">\n\t\t\t\t\t\t<section class=\"elementor-section elementor-top-section elementor-element elementor-element-3fd53bc elementor-section-full_width elementor-section-height-default elementor-section-height-default\" data-id=\"3fd53bc\" data-element_type=\"section\" data-e-type=\"section\">\n\t\t\t\t\t\t<div class=\"elementor-container elementor-column-gap-no\">\n\t\t\t\t\t<div class=\"elementor-column elementor-col-100 elementor-top-column elementor-element elementor-element-31fe945\" data-id=\"31fe945\" data-element_type=\"column\" data-e-type=\"column\">\n\t\t\t<div class=\"elementor-widget-wrap elementor-element-populated\">\n\t\t\t\t\t\t<div class=\"elementor-element elementor-element-d54269b hy-prestations-intro elementor-widget elementor-widget-cleaning_service_banner\" data-id=\"d54269b\" data-element_type=\"widget\" data-e-type=\"widget\" data-widget_type=\"cleaning_service_banner.default\">\n\t\t\t\t<div class=\"elementor-widget-container\">\n\t\t\t\t\t \n    <div class=\"block\">\n        <div class=\"container\">\n            \t\t\t\t<h1 class=\"text-center h-lg h-decor\">\n\t\t\t\t\tNos prestations de nettoyage \u00e0 Saverne et alentours\t\t\t\t<\/h1>\n\t\t\t            <div class=\"text-center max-800\">\n                <p class=\"p-lg\"><p style=\"font-size:18px; line-height:1.6; margin-bottom:14px;\">\nHYGIEThik accompagne les professionnels, copropri\u00e9t\u00e9s et particuliers \u00e0 Saverne et alentours pour l\u2019entretien r\u00e9gulier comme pour les interventions ponctuelles.\n<\/p>\n\n<p style=\"font-size:18px; line-height:1.6;\">\nD\u00e9couvrez nos principales prestations et acc\u00e9dez directement au service correspondant \u00e0 votre besoin.\n<\/p><\/p>\n            <\/div>\n                        <div class=\"row services-grid services-mobile-carousel\">\n                                        <div class=\"col-xs-6 col-sm-6 col-md-6 service-box\">\n                                                            <img fetchpriority=\"high\" decoding=\"async\" width=\"240\" height=\"240\" src=\"https:\/\/hygiethik.fr\/wp-content\/uploads\/2021\/08\/service-img-1.jpg\" class=\"attachment-full size-full\" alt=\"Nettoyage Professionnel\" srcset=\"https:\/\/hygiethik.fr\/wp-content\/uploads\/2021\/08\/service-img-1.jpg 240w, https:\/\/hygiethik.fr\/wp-content\/uploads\/2021\/08\/service-img-1-150x150.jpg 150w\" sizes=\"(max-width: 240px) 100vw, 240px\" title=\"\">                            <h3 class=\"service-box-title\">Professionnels<\/h3>\n                            <div class=\"service-box-text\">HYGIETHIK accompagne les entreprises, bureaux, commerces et collectivit\u00e9s pour l\u2019entretien r\u00e9gulier comme pour les besoins ponctuels de nettoyage \u00e0 Saverne et alentours.<\/div>\n                                                    <\/div>\n                                            <div class=\"col-xs-6 col-sm-6 col-md-6 service-box\">\n                                                            <img decoding=\"async\" width=\"240\" height=\"240\" src=\"https:\/\/hygiethik.fr\/wp-content\/uploads\/2021\/08\/service-img-2.jpg\" class=\"attachment-full size-full\" alt=\"Services \u00e0 la Personne\" srcset=\"https:\/\/hygiethik.fr\/wp-content\/uploads\/2021\/08\/service-img-2.jpg 240w, https:\/\/hygiethik.fr\/wp-content\/uploads\/2021\/08\/service-img-2-150x150.jpg 150w\" sizes=\"(max-width: 240px) 100vw, 240px\" title=\"\">                            <h3 class=\"service-box-title\">Copropri\u00e9t\u00e9s<\/h3>\n                            <div class=\"service-box-text\">Pour les copropri\u00e9t\u00e9s et syndics, HYGIETHIK assure l\u2019entretien des halls, escaliers, paliers et parties communes avec des prestations adapt\u00e9es au rythme d\u2019entretien et aux sp\u00e9cificit\u00e9s de chaque immeuble.<\/div>\n                                                    <\/div>\n                                            <div class=\"col-xs-6 col-sm-6 col-md-6 service-box\">\n                                                            <img decoding=\"async\" width=\"240\" height=\"240\" src=\"https:\/\/hygiethik.fr\/wp-content\/uploads\/2021\/08\/service-img-3.jpg\" class=\"attachment-full size-full\" alt=\"Travaux Exceptionnels\" srcset=\"https:\/\/hygiethik.fr\/wp-content\/uploads\/2021\/08\/service-img-3.jpg 240w, https:\/\/hygiethik.fr\/wp-content\/uploads\/2021\/08\/service-img-3-150x150.jpg 150w\" sizes=\"(max-width: 240px) 100vw, 240px\" title=\"\">                            <h3 class=\"service-box-title\">Prestations ponctuelles<\/h3>\n                            <div class=\"service-box-text\">Fin de chantier, remise en \u00e9tat, nettoyage avant vente ou location, d\u00e9barras, vide-maison ou nettoyage de vitres : HYGIETHIK intervient \u00e0 Saverne et alentours selon la nature et l\u2019ampleur de l\u2019intervention.<\/div>\n                                                    <\/div>\n                                            <div class=\"col-xs-6 col-sm-6 col-md-6 service-box\">\n                                                            <img loading=\"lazy\" decoding=\"async\" width=\"240\" height=\"240\" src=\"https:\/\/hygiethik.fr\/wp-content\/uploads\/2021\/08\/service-img-5.jpg\" class=\"attachment-full size-full\" alt=\"Nettoyage Collectivit\u00e9s\" srcset=\"https:\/\/hygiethik.fr\/wp-content\/uploads\/2021\/08\/service-img-5.jpg 240w, https:\/\/hygiethik.fr\/wp-content\/uploads\/2021\/08\/service-img-5-150x150.jpg 150w\" sizes=\"(max-width: 240px) 100vw, 240px\" title=\"\">                            <h3 class=\"service-box-title\">Particuliers \u2014 m\u00e9nage \u00e0 domicile<\/h3>\n                            <div class=\"service-box-text\">Pour les particuliers, HYGIETHIK intervient pour le m\u00e9nage \u00e0 domicile et le nettoyage des vitres, baies vitr\u00e9es et v\u00e9randas, en prestation r\u00e9guli\u00e8re ou ponctuelle, selon votre rythme et vos attentes.<\/div>\n                                                    <\/div>\n                                <\/div>\n        <\/div>\n    <\/div>\n\t\t\t\t<\/div>\n\t\t\t\t<\/div>\n\t\t\t\t\t<\/div>\n\t\t<\/div>\n\t\t\t\t\t<\/div>\n\t\t<\/section>\n\t\t\t\t<section class=\"elementor-section elementor-top-section elementor-element elementor-element-1387e35 elementor-section-full_width elementor-section-height-default elementor-section-height-default\" data-id=\"1387e35\" data-element_type=\"section\" data-e-type=\"section\">\n\t\t\t\t\t\t<div class=\"elementor-container elementor-column-gap-no\">\n\t\t\t\t\t<div class=\"elementor-column elementor-col-100 elementor-top-column elementor-element elementor-element-0c02a41\" data-id=\"0c02a41\" data-element_type=\"column\" data-e-type=\"column\">\n\t\t\t<div class=\"elementor-widget-wrap elementor-element-populated\">\n\t\t\t\t\t\t<div class=\"elementor-element elementor-element-5c53928 elementor-widget elementor-widget-additional_service\" data-id=\"5c53928\" data-element_type=\"widget\" data-e-type=\"widget\" data-widget_type=\"additional_service.default\">\n\t\t\t\t<div class=\"elementor-widget-container\">\n\t\t\t\t\t \n\t\t<div class=\"block fullwidth-bg inset-lg-1 bg-cover bg-mobile-right\">\n\t\t\t<div class=\"container\">\n\t\t\t\t<h2 class=\"text-center h-lg h-decor\">D\u00e9couvrez nos prestations de nettoyage \u00e0 Saverne et alentours<\/h2>\n\t\t\t\t<div class=\"row services-list-row\">\n\t\t\t\t\t\t\t\t\t\t\t<div class=\"col-xs-6 col-sm-3\">\n\t\t\t\t\t\t\t<ul class=\"marker-list\">\n\t\t\t\t\t\t\t\t\t<h3>Professionnels<\/h3>\n<li><a href=\"https:\/\/hygiethik.fr\/index.php\/nettoyage-professionnel\/\">Nettoyage professionnel<\/a><\/li>\n<li>Nettoyage de bureaux<\/li>\n<li><a href=\"https:\/\/hygiethik.fr\/index.php\/nettoyage-collectivites\/\">Collectivit\u00e9s & communes<\/a><\/li>\n<li>Commerces & locaux professionnels<\/li>\n<li><a href=\"https:\/\/hygiethik.fr\/index.php\/nettoyage-de-facades-et-vitres\/\">Nettoyage de vitres<\/a><\/li>\t\t\t\t\t\t\t<\/ul>\n\t\t\t\t\t\t<\/div>\n\t\t\t\t\t\t\t\t\t\t\t\t\t\t\t\t\t\t\t<div class=\"col-xs-6 col-sm-3\">\n\t\t\t\t\t\t\t<ul class=\"marker-list\">\n\t\t\t\t\t\t\t\t\t<h3>Copropri\u00e9t\u00e9s<\/h3>\n<li>Copropri\u00e9t\u00e9s & parties communes<\/li>\n<li>Gestion des conteneurs<\/li>\t\t\t\t\t\t\t<\/ul>\n\t\t\t\t\t\t<\/div>\n\t\t\t\t\t\t\t\t\t\t\t\t\t<div class=\"clearfix visible-xs\"><\/div> \n\t\t\t\t\t\t\t\t\t\t\t\t\t\t\t\t\t\t\t\t\t\t\t\t\t<div class=\"col-xs-6 col-sm-3 collapse-col collapsed\">\n\t\t\t\t\t\t<ul class=\"marker-list\">\n\t\t\t\t\t\t\t<h3>Prestations ponctuelles<\/h3>\n<li><a href=\"https:\/\/hygiethik.fr\/index.php\/nettoyage-de-facades-et-vitres\/\">Nettoyage de vitres<\/a><\/li>\n<li><a href=\"https:\/\/hygiethik.fr\/index.php\/travaux-exceptionnels\/\">Nettoyage de fin de chantier<\/a><\/li>\n<li>Remise en \u00e9tat<\/li>\n<li>Nettoyage avant vente \/ location<\/li>\n<li>D\u00e9barras & vide-maison<\/li>\t\t\t\t\t\t<\/ul>\n\t\t\t\t\t<\/div>\n\t\t\t\t\t\t\t\t\t\t\t\t\t\t\t\t\t\t<div class=\"col-xs-6 col-sm-3 collapse-col collapsed\">\n\t\t\t\t\t\t<ul class=\"marker-list\">\n\t\t\t\t\t\t\t<h3>Particuliers<\/h3>\n<li><a href=\"https:\/\/hygiethik.fr\/index.php\/services-a-la-personne\/\">M\u00e9nage \u00e0 domicile<\/a><\/li>\n<li><a href=\"https:\/\/hygiethik.fr\/index.php\/nettoyage-de-facades-et-vitres\/\">Nettoyage de vitres \/ v\u00e9randa<\/a><\/li>\t\t\t\t\t\t<\/ul>\n\t\t\t\t\t<\/div>\n\t\t\t\t\t\t\t\t\t\t\t<\/div>\n\t\t\t\t<div class=\"text-center visible-xs\">\n\t\t\t\t\t<div class=\"divider\"><\/div>\n\t\t\t\t\t\t\t\t\t<\/div>\n\t\t\t<\/div>\n\t\t<\/div>\n\t\t\t\t\t\t<\/div>\n\t\t\t\t<\/div>\n\t\t\t\t\t<\/div>\n\t\t<\/div>\n\t\t\t\t\t<\/div>\n\t\t<\/section>\n\t\t\t\t<section class=\"elementor-section elementor-top-section elementor-element elementor-element-9f91313 elementor-section-full_width elementor-section-height-default elementor-section-height-default\" data-id=\"9f91313\" data-element_type=\"section\" data-e-type=\"section\">\n\t\t\t\t\t\t<div class=\"elementor-container elementor-column-gap-no\">\n\t\t\t\t\t<div class=\"elementor-column elementor-col-100 elementor-top-column elementor-element elementor-element-815e88d\" data-id=\"815e88d\" data-element_type=\"column\" data-e-type=\"column\">\n\t\t\t<div class=\"elementor-widget-wrap elementor-element-populated\">\n\t\t\t\t\t\t<div class=\"elementor-element elementor-element-8743e73 elementor-widget elementor-widget-cleaning_discount_box\" data-id=\"8743e73\" data-element_type=\"widget\" data-e-type=\"widget\" data-widget_type=\"cleaning_discount_box.default\">\n\t\t\t\t<div class=\"elementor-widget-container\">\n\t\t\t\t\t \n        <div class=\"block\">\n            <div class=\"container\">\n                \t\t\t\t<h2 class=\"text-center h-lg h-decor\">\n\t\t\t\t\tDemandez votre devis de nettoyage \u00e0 Saverne et alentours\t\t\t\t<\/h2>\n\t\t\t                                    <p class=\"text-center\"><p style=\"font-size:18px; line-height:1.6; max-width:850px; margin:0 auto 30px; text-align:center;\">\nHYGIETHIK vous accompagne pour vos besoins de nettoyage r\u00e9guliers ou ponctuels, avec une prestation adapt\u00e9e \u00e0 vos locaux, \u00e0 votre fr\u00e9quence d\u2019entretien et \u00e0 vos contraintes.\n<\/p><\/p>\n                               <div class=\"discount-box-row\">\n                                            <div class=\"discount-box discount-box--color1\">\n                            <div class=\"discount-box-sale\">Flexibilit\u00e9 <\/div>\n                            <div>Des interventions adapt\u00e9es \u00e0 vos horaires et \u00e0 vos contraintes.<\/div>\n                        <\/div>\n                                                <div class=\"discount-box discount-box--color2\">\n                            <div class=\"discount-box-sale\">\u00c9quipe qualifi\u00e9e<\/div>\n                            <div>Des agents form\u00e9s et exp\u00e9riment\u00e9s, attentifs \u00e0 la qualit\u00e9.<\/div>\n                        <\/div>\n                                                <div class=\"discount-box discount-box--color3\">\n                            <div class=\"discount-box-sale\">R\u00e9activit\u00e9<\/div>\n                            <div>Une r\u00e9ponse rapide pour planifier vos interventions.<\/div>\n                        <\/div>\n                                                <div class=\"discount-box discount-box--color4\">\n                            <div class=\"discount-box-sale\">D\u00e9marche responsable<\/div>\n                            <div>Des m\u00e9thodes adapt\u00e9es et un usage raisonn\u00e9 des produits.<\/div>\n                        <\/div>\n                                        <\/div>\n            <\/div>\n        <\/div>\n\t\t\t\t<\/div>\n\t\t\t\t<\/div>\n\t\t\t\t\t<\/div>\n\t\t<\/div>\n\t\t\t\t\t<\/div>\n\t\t<\/section>\n\t\t\t\t<\/div>\n\t\t","protected":false},"excerpt":{"rendered":"<p>Nos prestations de nettoyage \u00e0 Saverne et alentours HYGIEThik accompagne les professionnels, copropri\u00e9t\u00e9s et particuliers \u00e0 Saverne et alentours pour l\u2019entretien r\u00e9gulier comme pour les interventions ponctuelles. D\u00e9couvrez nos principales prestations et acc\u00e9dez directement au service correspondant \u00e0 votre besoin. Professionnels HYGIETHIK accompagne les entreprises, bureaux, commerces et collectivit\u00e9s pour l\u2019entretien r\u00e9gulier comme pour les [&hellip;]<\/p>\n","protected":false},"author":1,"featured_media":0,"parent":0,"menu_order":0,"comment_status":"closed","ping_status":"closed","template":"","meta":{"footnotes":""},"class_list":["post-1695","page","type-page","status-publish","hentry"],"_links":{"self":[{"href":"https:\/\/hygiethik.fr\/index.php\/wp-json\/wp\/v2\/pages\/1695","targetHints":{"allow":["GET"]}}],"collection":[{"href":"https:\/\/hygiethik.fr\/index.php\/wp-json\/wp\/v2\/pages"}],"about":[{"href":"https:\/\/hygiethik.fr\/index.php\/wp-json\/wp\/v2\/types\/page"}],"author":[{"embeddable":true,"href":"https:\/\/hygiethik.fr\/index.php\/wp-json\/wp\/v2\/users\/1"}],"replies":[{"embeddable":true,"href":"https:\/\/hygiethik.fr\/index.php\/wp-json\/wp\/v2\/comments?post=1695"}],"version-history":[{"count":58,"href":"https:\/\/hygiethik.fr\/index.php\/wp-json\/wp\/v2\/pages\/1695\/revisions"}],"predecessor-version":[{"id":2495,"href":"https:\/\/hygiethik.fr\/index.php\/wp-json\/wp\/v2\/pages\/1695\/revisions\/2495"}],"wp:attachment":[{"href":"https:\/\/hygiethik.fr\/index.php\/wp-json\/wp\/v2\/media?parent=1695"}],"curies":[{"name":"wp","href":"https:\/\/api.w.org\/{rel}","templated":true}]}}

<div data-elementor-type="wp-page" data-elementor-id="1695" class="elementor elementor-1695">
						<section class="elementor-section elementor-top-section elementor-element elementor-element-3fd53bc elementor-section-full_width elementor-section-height-default elementor-section-height-default" data-id="3fd53bc" data-element_type="section" data-e-type="section">
						<div class="elementor-container elementor-column-gap-no">
					<div class="elementor-column elementor-col-100 elementor-top-column elementor-element elementor-element-31fe945" data-id="31fe945" data-element_type="column" data-e-type="column">
			<div class="elementor-widget-wrap elementor-element-populated">
						<div class="elementor-element elementor-element-d54269b hy-prestations-intro elementor-widget elementor-widget-cleaning_service_banner" data-id="d54269b" data-element_type="widget" data-e-type="widget" data-widget_type="cleaning_service_banner.default">
				<div class="elementor-widget-container">
					 
    <div class="block">
        <div class="container">
            				<h1 class="text-center h-lg h-decor">
					Nos prestations de nettoyage à Saverne et alentours				</h1>
			            <div class="text-center max-800">
                <p class="p-lg"><p style="font-size:18px; line-height:1.6; margin-bottom:14px;">
HYGIEThik accompagne les professionnels, copropriétés et particuliers à Saverne et alentours pour l’entretien régulier comme pour les interventions ponctuelles.
</p>

<p style="font-size:18px; line-height:1.6;">
Découvrez nos principales prestations et accédez directement au service correspondant à votre besoin.
</p></p>
            </div>
                        <div class="row services-grid services-mobile-carousel">
                                        <div class="col-xs-6 col-sm-6 col-md-6 service-box">
                                                            <img fetchpriority="high" decoding="async" width="240" height="240" src="https://hygiethik.fr/wp-content/uploads/2021/08/service-img-1.jpg" class="attachment-full size-full" alt="Nettoyage Professionnel" srcset="https://hygiethik.fr/wp-content/uploads/2021/08/service-img-1.jpg 240w, https://hygiethik.fr/wp-content/uploads/2021/08/service-img-1-150x150.jpg 150w" sizes="(max-width: 240px) 100vw, 240px" title="">                            <h3 class="service-box-title">Professionnels</h3>
                            <div class="service-box-text">HYGIETHIK accompagne les entreprises, bureaux, commerces et collectivités pour l’entretien régulier comme pour les besoins ponctuels de nettoyage à Saverne et alentours.</div>
                                                    </div>
                                            <div class="col-xs-6 col-sm-6 col-md-6 service-box">
                                                            <img decoding="async" width="240" height="240" src="https://hygiethik.fr/wp-content/uploads/2021/08/service-img-2.jpg" class="attachment-full size-full" alt="Services à la Personne" srcset="https://hygiethik.fr/wp-content/uploads/2021/08/service-img-2.jpg 240w, https://hygiethik.fr/wp-content/uploads/2021/08/service-img-2-150x150.jpg 150w" sizes="(max-width: 240px) 100vw, 240px" title="">                            <h3 class="service-box-title">Copropriétés</h3>
                            <div class="service-box-text">Pour les copropriétés et syndics, HYGIETHIK assure l’entretien des halls, escaliers, paliers et parties communes avec des prestations adaptées au rythme d’entretien et aux spécificités de chaque immeuble.</div>
                                                    </div>
                                            <div class="col-xs-6 col-sm-6 col-md-6 service-box">
                                                            <img decoding="async" width="240" height="240" src="https://hygiethik.fr/wp-content/uploads/2021/08/service-img-3.jpg" class="attachment-full size-full" alt="Travaux Exceptionnels" srcset="https://hygiethik.fr/wp-content/uploads/2021/08/service-img-3.jpg 240w, https://hygiethik.fr/wp-content/uploads/2021/08/service-img-3-150x150.jpg 150w" sizes="(max-width: 240px) 100vw, 240px" title="">                            <h3 class="service-box-title">Prestations ponctuelles</h3>
                            <div class="service-box-text">Fin de chantier, remise en état, nettoyage avant vente ou location, débarras, vide-maison ou nettoyage de vitres : HYGIETHIK intervient à Saverne et alentours selon la nature et l’ampleur de l’intervention.</div>
                                                    </div>
                                            <div class="col-xs-6 col-sm-6 col-md-6 service-box">
                                                            <img loading="lazy" decoding="async" width="240" height="240" src="https://hygiethik.fr/wp-content/uploads/2021/08/service-img-5.jpg" class="attachment-full size-full" alt="Nettoyage Collectivités" srcset="https://hygiethik.fr/wp-content/uploads/2021/08/service-img-5.jpg 240w, https://hygiethik.fr/wp-content/uploads/2021/08/service-img-5-150x150.jpg 150w" sizes="(max-width: 240px) 100vw, 240px" title="">                            <h3 class="service-box-title">Particuliers — ménage à domicile</h3>
                            <div class="service-box-text">Pour les particuliers, HYGIETHIK intervient pour le ménage à domicile et le nettoyage des vitres, baies vitrées et vérandas, en prestation régulière ou ponctuelle, selon votre rythme et vos attentes.</div>
                                                    </div>
                                </div>
        </div>
    </div>
				</div>
				</div>
					</div>
		</div>
					</div>
		</section>
				<section class="elementor-section elementor-top-section elementor-element elementor-element-1387e35 elementor-section-full_width elementor-section-height-default elementor-section-height-default" data-id="1387e35" data-element_type="section" data-e-type="section">
						<div class="elementor-container elementor-column-gap-no">
					<div class="elementor-column elementor-col-100 elementor-top-column elementor-element elementor-element-0c02a41" data-id="0c02a41" data-element_type="column" data-e-type="column">
			<div class="elementor-widget-wrap elementor-element-populated">
						<div class="elementor-element elementor-element-5c53928 elementor-widget elementor-widget-additional_service" data-id="5c53928" data-element_type="widget" data-e-type="widget" data-widget_type="additional_service.default">
				<div class="elementor-widget-container">
					 
		<div class="block fullwidth-bg inset-lg-1 bg-cover bg-mobile-right">
			<div class="container">
				<h2 class="text-center h-lg h-decor">Découvrez nos prestations de nettoyage à Saverne et alentours</h2>
				<div class="row services-list-row">
											<div class="col-xs-6 col-sm-3">
							<ul class="marker-list">
									<h3>Professionnels</h3>
<li><a href="https://hygiethik.fr/index.php/nettoyage-professionnel/">Nettoyage professionnel</a></li>
<li>Nettoyage de bureaux</li>
<li><a href="https://hygiethik.fr/index.php/nettoyage-collectivites/">Collectivités & communes</a></li>
<li>Commerces & locaux professionnels</li>
<li><a href="https://hygiethik.fr/index.php/nettoyage-de-facades-et-vitres/">Nettoyage de vitres</a></li>							</ul>
						</div>
																			<div class="col-xs-6 col-sm-3">
							<ul class="marker-list">
									<h3>Copropriétés</h3>
<li>Copropriétés & parties communes</li>
<li>Gestion des conteneurs</li>							</ul>
						</div>
													<div class="clearfix visible-xs"></div> 
																									<div class="col-xs-6 col-sm-3 collapse-col collapsed">
						<ul class="marker-list">
							<h3>Prestations ponctuelles</h3>
<li><a href="https://hygiethik.fr/index.php/nettoyage-de-facades-et-vitres/">Nettoyage de vitres</a></li>
<li><a href="https://hygiethik.fr/index.php/travaux-exceptionnels/">Nettoyage de fin de chantier</a></li>
<li>Remise en état</li>
<li>Nettoyage avant vente / location</li>
<li>Débarras & vide-maison</li>						</ul>
					</div>
																		<div class="col-xs-6 col-sm-3 collapse-col collapsed">
						<ul class="marker-list">
							<h3>Particuliers</h3>
<li><a href="https://hygiethik.fr/index.php/services-a-la-personne/">Ménage à domicile</a></li>
<li><a href="https://hygiethik.fr/index.php/nettoyage-de-facades-et-vitres/">Nettoyage de vitres / véranda</a></li>						</ul>
					</div>
											</div>
				<div class="text-center visible-xs">
					<div class="divider"></div>
									</div>
			</div>
		</div>
						</div>
				</div>
					</div>
		</div>
					</div>
		</section>
				<section class="elementor-section elementor-top-section elementor-element elementor-element-9f91313 elementor-section-full_width elementor-section-height-default elementor-section-height-default" data-id="9f91313" data-element_type="section" data-e-type="section">
						<div class="elementor-container elementor-column-gap-no">
					<div class="elementor-column elementor-col-100 elementor-top-column elementor-element elementor-element-815e88d" data-id="815e88d" data-element_type="column" data-e-type="column">
			<div class="elementor-widget-wrap elementor-element-populated">
						<div class="elementor-element elementor-element-8743e73 elementor-widget elementor-widget-cleaning_discount_box" data-id="8743e73" data-element_type="widget" data-e-type="widget" data-widget_type="cleaning_discount_box.default">
				<div class="elementor-widget-container">
					 
        <div class="block">
            <div class="container">
                				<h2 class="text-center h-lg h-decor">
					Demandez votre devis de nettoyage à Saverne et alentours				</h2>
			                                    <p class="text-center"><p style="font-size:18px; line-height:1.6; max-width:850px; margin:0 auto 30px; text-align:center;">
HYGIETHIK vous accompagne pour vos besoins de nettoyage réguliers ou ponctuels, avec une prestation adaptée à vos locaux, à votre fréquence d’entretien et à vos contraintes.
</p></p>
                               <div class="discount-box-row">
                                            <div class="discount-box discount-box--color1">
                            <div class="discount-box-sale">Flexibilité </div>
                            <div>Des interventions adaptées à vos horaires et à vos contraintes.</div>
                        </div>
                                                <div class="discount-box discount-box--color2">
                            <div class="discount-box-sale">Équipe qualifiée</div>
                            <div>Des agents formés et expérimentés, attentifs à la qualité.</div>
                        </div>
                                                <div class="discount-box discount-box--color3">
                            <div class="discount-box-sale">Réactivité</div>
                            <div>Une réponse rapide pour planifier vos interventions.</div>
                        </div>
                                                <div class="discount-box discount-box--color4">
                            <div class="discount-box-sale">Démarche responsable</div>
                            <div>Des méthodes adaptées et un usage raisonné des produits.</div>
                        </div>
                                        </div>
            </div>
        </div>
				</div>
				</div>
					</div>
		</div>
					</div>
		</section>
				</div>

<p>Nos prestations de nettoyage à Saverne et alentours HYGIEThik accompagne les professionnels, copropriétés et particuliers à Saverne et alentours pour l’entretien régulier comme pour les interventions ponctuelles. Découvrez nos principales prestations et accédez directement au service correspondant à votre besoin. Professionnels HYGIETHIK accompagne les entreprises, bureaux, commerces et collectivités pour l’entretien régulier comme pour les [&hellip;]</p>
